 is divided by 20.
2
Calculate the remainder when 13416 is divided by 213.
210
Calculate the remainder when 1284 is divided by 3.
0
Calculate the remainder when 63 is divided by 17.
12
Calculate the remainder when 28953 is divided by 254.
251
What is the remainder when 87 is divided by 71?
16
What is the remainder when 13406 is divided by 53?
50
Calculate the remainder when 640 is divided by 107.
105
What is the remainder when 182 is divided by 51?
29
Calculate the remainder when 78 is divided by 14.
8
Calculate the remainder when 72 is divided by 4.
0
What is the remainder when 272 is divided by 87?
11
What is the remainder when 3622 is divided by 8?
6
What is the remainder when 200 is divided by 21?
11
Calculate the remainder when 1036 is divided by 72.
28
Calculate the remainder when 332 is divided by 42.
38
Calculate the remainder when 1574 is divided by 15.
14
What is the remainder when 153 is divided by 20?
13
What is the remainder when 3054 is divided by 24?
6
Calculate the remainder when 221 is divided by 58.
47
What is the remainder when 215 is divided by 29?
12
Calculate the remainder when 2211 is divided by 6.
3
Calculate the remainder when 331 is divided by 85.
76
What is the remainder when 600 is divided by 125?
100
What is the remainder when 45 is divided by 32?
13
Calculate the remainder when 690 is divided by 144.
114
What is the remainder when 86 is divided by 49?
37
Calculate the remainder when 977 is divided by 256.
209
Calculate the remainder when 672 is divided by 228.
216
What is the remainder when 193 is divided by 65?
63
What is the remainder when 98 is divided by 26?
20
What is the remainder when 4308 is divided by 25?
8
What is the remainder when 3237 is divided by 79?
77
Calculate the remainder when 116 is divided by 75.
41
Calculate the remainder when 36 is divided by 20.
16
Calculate the remainder when 2448 is divided by 98.
96
What is the remainder when 486 is divided by 163?
160
What is the remainder when 119 is divided by 15?
14
Calculate the remainder when 70 is divided by 9.
7
Calculate the remainder when 473 is divided by 68.
65
What is the remainder when 8589 is divided by 13?
9
Calculate the remainder when 990 is divided by 14.
10
Calculate the remainder when 73 is divided by 38.
35
What is the remainder when 823 is divided by 59?
56
What is the remainder when 42 is divided by 24?
18
Calculate the remainder when 659 is divided by 165.
164
Calculate the remainder when 114 is divided by 58.
56
What is the remainder when 462 is divided by 36?
30
What is the remainder when 344 is divided by 71?
60
What is the remainder when 924 is divided by 229?
8
What is the remainder when 48 is divided by 13?
9
What is the remainder when 15730 is divided by 57?
55
What is the remainder when 362 is divided by 33?
32
Calculate the remainder when 84 is divided by 19.
8
What is the remainder when 111 is divided by 45?
21
What is the remainder when 1139 is divided by 20?
19
What is the remainder when 729 is divided by 361?
7
What is the remainder when 759 is divided by 153?
147
Calculate the remainder when 924 is divided by 1.
0
Calculate the remainder when 321 is divided by 87.
60
Calculate the remainder when 664 is divided by 59.
15
What is the remainder when 151 is divided by 38?
37
What is the remainder when 1884 is divided by 59?
55
Calculate the remainder when 1310 is divided by 11.
1
What is the remainder when 549 is divided by 110?
109
Calculate the remainder when 797 is divided by 251.
44
What is the remainder when 43 is divided by 11?
10
What is the remainder when 1870 is divided by 20?
10
Calculate the remainder when 1112 is divided by 364.
20
What is the remainder when 2655 is divided by 148?
139
What is the remainder when 82 is divided by 19?
6
Calculate the remainder when 188 is divided by 106.
82
What is the remainder when 508 is divided by 17?
15
What is the remainder when 426 is divided by 13?
10
Calculate the remainder when 351 is divided by 30.
21
What is the remainder when 967 is divided by 314?
25
What is the remainder when 117 is divided by 39?
0
What is the remainder when 822 is divided by 74?
8
Calculate the remainder when 265 is divided by 47.
30
What is the remainder when 324 is divided by 163?
161
Calculate the remainder when 324 is divided by 25.
24
Calculate the remainder when 834 is divided by 15.
9
Calculate the remainder when 72 is divided by 62.
10
What is the remainder when 899 is divided by 37?
11
Calculate the remainder when 279 is divided by 38.
13
What is the remainder when 193 is divided by 26?
11
What is the remainder when 4159 is divided by 35?
29
What is the remainder when 925 is divided by 24?
13
What is the remainder when 2508 is divided by 5?
3
Calculate the remainder when 304 is divided by 14.
10
Calculate the remainder when 1753 is divided by 48.
25
Calculate the remainder when 797 is divided by 114.
113
Calculate the remainder when 2412 is divided by 21.
18
Calculate the remainder when 176 is divided by 55.
11
What is the remainder when 1680 is divided by 136?
48
Calculate the remainder when 1535 is divided by 80.
15
What is the remainder when 40 is divided by 21?
19
What is the remainder when 2220 is divided by 22?
20
What is the remainder when 309 is divided by 29?
19
What is the remainder when 543 is divided by 492?
51
Calculate the remainder when 420 is divided by 71.
65
Calculate the remainder when 3181 is divided by 74.
73
What is the remainder when 1502 is divided by 266?
172
What is the remainder when 28 is divided by 25?
3
What is the remainder when 418 is divided by 14?
12
What is the remainder when 1691 is divided by 4?
3
What is the remainder when 231 is divided by 29?
28
What is the remainder when 156 is divided by 11?
2
What is the remainder when 1191 is divided by 567?
57
Calculate the remainder when 239 is divided by 9.
5
Calculate the remainder when 650 is divided by 60.
50
What is the remainder when 927 is divided by 155?
152
What is the remainder when 394 is divided by 331?
63
What is the remainder when 271 is divided by 72?
55
What is the remainder when 6049 is divided by 173?
167
Calculate the remainder when 5680 is divided by 19.
18
What is the remainder when 968 is divided by 98?
86
What is the remainder when 23 is divided by 16?
7
What is the remainder when 111 is divided by 29?
24
What is the remainder when 1618 is divided by 20?
18
What is the remainder when 2107 is divided by 19?
17
Calculate the remainder when 2092 is divided by 75.
67
Calculate the remainder when 645 is divided by 93.
87
Calculate the remainder when 75 is divided by 28.
19
What is the remainder when 64 is divided by 34?
30
What is the remainder when 4486 is divided by 17?
15
What is the remainder when 838 is divided by 15?
13
What is the remainder when 256 is divided by 54?
40
What is the remainder when 32 is divided by 8?
0
What is the remainder when 146 is divided by 121?
25
What is the remainder when 188 is divided by 48?
44
Calculate the remainder when 1236 is divided by 9.
3
What is the remainder when 239 is divided by 238?
1
What is the remainder when 740 is divided by 67?
3
Calculate the remainder when 1101 is divided by 71.
36
Calculate the remainder when 192 is divided by 49.
45
Calculate the remainder when 739 is divided by 48.
19
Calculate the remainder when 167 is divided by 42.
41
Calculate the remainder when 237 is divided by 88.
61
What is the remainder when 435 is divided by 426?
9
What is the remainder when 463 is divided by 154?
1
Calculate the remainder when 1452 is divided by 28.
24
Calculate the remainder when 390 is divided by 106.
72
Calculate the remainder when 362 is divided by 358.
4
What is the remainder when 584 is divided by 24?
8
What is the remainder when 49 is divided by 48?
1
Calculate the remainder when 24 is divided by 5.
4
What is the remainder when 193 is divided by 68?
57
Calculate the remainder when 21245 is divided by 276.
269
What is the remainder when 770 is divided by 78?
68
What is the remainder when 542 is divided by 42?
38
Calculate the remainder when 13677 is divided by 29.
18
Calculate the remainder when 459 is divided by 93.
87
What is the remainder when 108 is divided by 7?
3
Calculate the remainder when 987 is divided by 948.
39
Wha